{"id":92,"date":"2022-11-25T17:41:53","date_gmt":"2022-11-25T16:41:53","guid":{"rendered":"https:\/\/www.schallerengineering.de\/?page_id=92"},"modified":"2022-11-25T19:06:54","modified_gmt":"2022-11-25T18:06:54","slug":"ueber-uns","status":"publish","type":"page","link":"https:\/\/www.schallerengineering.de\/?page_id=92","title":{"rendered":"\u00dcber uns"},"content":{"rendered":"\n<p>Wir sind ein modernes und best\u00e4ndiges B\u00fcro im Gro\u00dfraum Stuttgart, das seit \u00fcber 20 Jahren seinen Kunden innovative, verl\u00e4ssliche und hochwertige L\u00f6sungen in der technische Unternehmensberatung bietet.<\/p>\n\n\n\n<p>Unsere Arbeitsfelder umfassen<br>    \u25aa Projektleitung<br>    \u25aa Teamleitung<br>    \u25aa Anforderungs-Management<br>    \u25aa Test-Management <\/p>\n\n\n\n<p>In allen Gesch\u00e4ftsbereichen bieten wir bestm\u00f6gliche Beratung bei Planung und Ausf\u00fchrung der uns gestellten Aufgaben. Wir garantieren Ihnen kreative, agile und pr\u00e4zise L\u00f6sungen.<\/p>\n\n\n\n<p>Im Bereich Automotive und Transportation sind wir immer auf dem neuesten Stand und gew\u00e4hrleisten so einen kundennahen, schnellen und hervorragenden Service.<\/p>\n\n\n\n<p><\/p>\n","protected":false},"excerpt":{"rendered":"<p>Wir sind ein modernes und best\u00e4ndiges B\u00fcro im Gro\u00dfraum Stuttgart, das seit \u00fcber 20 Jahren seinen Kunden innovative, verl\u00e4ssliche und hochwertige L\u00f6sungen in der technische Unternehmensberatung bietet. Unsere Arbeitsfelder umfassen \u25aa Projektleitung \u25aa Teamleitung \u25aa Anforderungs-Management \u25aa Test-Management In allen Gesch\u00e4ftsbereichen bieten wir bestm\u00f6gliche Beratung bei Planung und Ausf\u00fchrung der uns gestellten Aufgaben. Wir garantieren &hellip; <\/p>\n<p class=\"link-more\"><a href=\"https:\/\/www.schallerengineering.de\/?page_id=92\" class=\"more-link\"><span class=\"screen-reader-text\">\u201e\u00dcber uns\u201c <\/span>weiterlesen<\/a><\/p>\n","protected":false},"author":1,"featured_media":0,"parent":0,"menu_order":0,"comment_status":"closed","ping_status":"closed","template":"","meta":{"footnotes":""},"class_list":["post-92","page","type-page","status-publish","hentry"],"_links":{"self":[{"href":"https:\/\/www.schallerengineering.de\/index.php?rest_route=\/wp\/v2\/pages\/92","targetHints":{"allow":["GET"]}}],"collection":[{"href":"https:\/\/www.schallerengineering.de\/index.php?rest_route=\/wp\/v2\/pages"}],"about":[{"href":"https:\/\/www.schallerengineering.de\/index.php?rest_route=\/wp\/v2\/types\/page"}],"author":[{"embeddable":true,"href":"https:\/\/www.schallerengineering.de\/index.php?rest_route=\/wp\/v2\/users\/1"}],"replies":[{"embeddable":true,"href":"https:\/\/www.schallerengineering.de\/index.php?rest_route=%2Fwp%2Fv2%2Fcomments&post=92"}],"version-history":[{"count":6,"href":"https:\/\/www.schallerengineering.de\/index.php?rest_route=\/wp\/v2\/pages\/92\/revisions"}],"predecessor-version":[{"id":118,"href":"https:\/\/www.schallerengineering.de\/index.php?rest_route=\/wp\/v2\/pages\/92\/revisions\/118"}],"wp:attachment":[{"href":"https:\/\/www.schallerengineering.de\/index.php?rest_route=%2Fwp%2Fv2%2Fmedia&parent=92"}],"curies":[{"name":"wp","href":"https:\/\/api.w.org\/{rel}","templated":true}]}}